-60)). Let m(f) = 5*f + 90. What is the hundreds digit of m(n)?
1
Let y = 15 + -13. Suppose -w - w = 3*t - 1630, -y*w = -3*t + 1634. Suppose -n - t = -4*l, -5*n + 544 = -7*l + 11*l. What is the hundreds digit of l?
1
Let k(f) = 2*f**3 - 21*f**2 + 11*f - 10. Let w be k(10). What is the hundreds digit of -5*394/(-10) + (w - 5)?
1
Let b be -4 - (-13)/((-39)/(-24)). Suppose 0 = -5*n - 2*m + 2617, -5*n - b*m = -2*n - 1573. What is the tens digit of n?
2
Let m be (-1 - -3)/(32/(-6) - -6). Let f be (m + -7)*(-6)/8. Let x = 28 - f. What is the tens digit of x?
2
Let c(u) = -u - 12. Let o be c(4). Let p be o/(-3) + (-6)/(-9). What is the units digit of (p/7)/(4/28)?
6
Suppose -4*p - 2*y + 22048 = 0, -9*p + 8*p = 2*y - 5506. What is the units digit of p?
4
Let m be (-4 + 54/6)*(-1 + 2). Suppose -m*a + u = -1061 + 43, -3*a = u - 614. What is the tens digit of a?
0
Suppose 36720 = -4*t + 7*t - 5*d, 3*d - 18 = 0. What is the ten thousands digit of t?
1
Let o = 70706 - 17673. What is the ten thousands digit of o?
5
Let g(z) = -303*z + 14. Let a(m) = 335*m - 15. Let y(l) = -2*a(l) - 3*g(l). Suppose -4*u = -5*s - 4, -s + 3*s = 0. What is the units digit of y(u)?
7
Let x(r) = r**3 + 38*r**2 - 27*r + 35. What is the tens digit of x(-36)?
9
Let m(y) = -44*y + 176. Let k(r) = 9*r - 35. Let j(h) = -11*k(h) - 2*m(h). Let f be j(-5). Suppose -g + 19 = 5*d, d - 19 = 5*g - f. What is the tens digit of g?
1
Let w = -29 - -32. Suppose 2 = 2*y - w*y. What is the tens digit of 6495/75 + y/(-5)?
8
Let x(v) = -7132*v + 18. What is the tens digit of x(-4)?
4
Suppose 2*l = 2*n - 0*n + 572, 2*l - 853 = 3*n. Let v = n - -497. What is the tens digit of v?
1
Suppose 2*h + 14*p - 6944 = 9*p, 5*h - 17405 = -5*p. What is the thousands digit of h?
3
Let a = -34902 + 49784. What is the thousands digit of a?
4
Let m = 29261 - 16753. What is the thousands digit of m?
2
Let f(a) = a**3 - 10*a**2 + 8*a + 14. Let m be f(9). Suppose -3*w + m*x + 153 = 0, -71 = -w - x - 4*x. Let y = w - 50. What is the units digit of y?
6
Suppose 2169 = 164*p - 155*p. Suppose 3*c - p = c + 5*r, 0 = 4*c - 3*r - 489. What is the tens digit of c?
2
Let x(v) = v + 18. Let a be x(-22). Let n be (-13)/(-5) - (a - (-54)/15). Suppose 7*i = n*i + 384. What is the units digit of i?
6
Suppose 2*n - 2870 = 2*x, -2*n + 2744 = -4*x - 116. What is the tens digit of n?
4
Let y(r) = 3*r**2 + 23*r + 8. Let a(u) = -8*u**2 - 45*u - 17. Let l(z) = -2*a(z) - 5*y(z). What is the units digit of l(28)?
8
Let j be (-7 - -6)/(-2)*6. Suppose -j*f + 3849 = 2*l + 3*l, l = -3*f + 3849. What is the tens digit of f?
8
Let l = -6 + 8. Suppose 0 = l*a - 2*o + 10, -4*a = 5*o - 3 - 4. What is the units digit of ((-12)/15)/(a/460)?
4
Let t = 47585 - 41. What is the ten thousands digit of t?
4
Suppose 5*m + 2*x - 17554 = 0, 0 = -4*m - x + 5*x + 14032. Suppose 6*p + 3*u - m = 2*p, 5*p - u = 4397. What is the units digit of p?
9
Suppose 0 = 27*i - 314026 - 72394 + 11984. What is the tens digit of i?
6
Suppose -3*c + 11 = 23. Let s = 155 + -151. What is the units digit of (c/6)/(s/(-1176))?
6
What is the hundreds digit of (-1 + 7)*3/2 + 8643?
6
Let s = -951 - -950. Let x = 113 + -80. Let p = x - s. What is the tens digit of p?
3
Suppose 5*o = -x + 47332 + 133535, -4*x = o - 36143. What is the tens digit of o?
7
Suppose 2*n - 6*g + 781 = -g, 2*n - 2*g + 772 = 0. Let v = n - -853. What is the units digit of v?
0
Let m(i) = 52*i**3 + 3*i**2 + 3*i - 3. Suppose -v + 2*r + 10 = 0, 3*v + 2*v + 6 = -4*r. What is the tens digit of m(v)?
3
Let j(w) be the second derivative of 5*w**5/12 - 25*w**3/6 + 18*w. Let l(z) be the second derivative of j(z). What is the units digit of l(1)?
0
Let n be 126/84 + 822/(-4). Let z(k) = 39*k**2 - k - 4. Let c be z(-3). Let t = n + c. What is the hundreds digit of t?
1
Let q = -56 - -54. Let j(y) = -8*y - 11. Let w be j(q). What is the units digit of ((-4)/w)/((-2)/110)?
4
Let m = 13465 + -8462. What is the tens digit of m?
0
Let s(x) = -x**3 + 111*x**2 - 30*x + 467. What is the tens digit of s(107)?
5
Suppose -i + 6*i = 4*x + 3059, -3*i + 1838 = -5*x. Let h = -258 + i. Suppose -2*v + j + 227 = 0, -3*v + 2*j = -2*j - h. What is the units digit of v?
1
Suppose -44*c + 51*c - 21357 = 0. Suppose 9630 + c = 9*m. What is the hundreds digit of m?
4
Let j = -26768 + 34166. What is the units digit of j?
8
Let f(b) = 17 + 17*b + 3 - 2*b**2 + b**2. Let y be f(15). What is the units digit of (-15)/y*-186 - 2/(-10)?
6
Let r(j) = -3*j + 2950. What is the units digit of r(0)?
0
Suppose 4*p + 4*l - 37908 = 0, 0 = -4*p - 5*l - 5663 + 43566. What is the thousands digit of p?
9
Suppose 2*u - 2501 = 5*n, -3*n - 2*u - 993 - 498 = 0. Let j = 1457 + n. What is the units digit of j?
8
Let f = -182 - -179. What is the tens digit of 0 + (-105*5)/f?
7
Suppose 21*v - 61916 = -22793. Let t = v + -1028. What is the hundreds digit of t?
8
What is the tens digit of (-507092)/(-28) - -3 - (1368/(-133))/18?
1
Suppose -3*v = -6*v + 63. Suppose 25*d - 12 = v*d. Suppose -p = d*m - 86, -3*p - m + 500 = 2*p. What is the units digit of p?
1
Let k = 22654 - 14788. What is the hundreds digit of k/7 - (-72)/252?
1
Suppose -4*a = -i + 68, 2*a - 39 = -2*i + 67. What is the units digit of 8/28 - (-14880)/i?
6
Let l(f) = 4*f**2 - 138*f - 106. What is the units digit of l(41)?
0
What is the thousands digit of 5058/(-45)*(-35 - -5)?
3
Suppose -d = 4*j + 4*d - 165837, 0 = 2*j - 2*d - 82878. What is the hundreds digit of j?
4
Let x = -743 + 4875. What is the units digit of x?
2
Let s(y) = -2*y - 18. Let m be ((-24)/15)/(2/5). Let k be s(m). What is the tens digit of (125/k)/(1/(-14))?
7
Suppose 0 = 4*o + 4*o - 1776. Let k = 71 + o. What is the units digit of k?
3
Let l(m) = 15 - 6*m + 54 - 27 + 32. What is the units digit of l(-15)?
4
Suppose 0*j = -2*a - 5*j + 16, 10 = 5*j. Suppose 0 = r + 3*g + 1134, r = -a*r + 5*g - 4570. What is the units digit of r/(-21) - 14/49?
4
Suppose 43*f - 42228 = -17*f - 48*f. What is the tens digit of f?
9
Let d be -23 + -3*(-2 - -3). Let u(g) = g**2 + 11*g - 1. Let c be u(-14). Let s = c - d. What is the units digit of s?
7
Let s = 5307 - 3403. What is the units digit of s?
4
Let t = 531 + -908. Let p = -175 - t. What is the units digit of p?
2
What is the units digit of (-939176)/(-70) - 16/(-20)*-1?
6
Let o(r) be the third derivative of r**5/15 - r**4/6 - r**3/6 + r**2. Suppose -12*v = -6*v + 18. What is the units digit of o(v)?
7
Suppose 0*q - 9 = -3*q. Suppose q*x = -c + 2*x - 19, -4*x + 50 = -5*c. What is the units digit of -3 + (3 - c - -3)?
7
Let n = 139 - 135. What is the units digit of (-451)/(-11) - (-3 + n)?
0
Let r(l) be the first derivative of -13*l**3/6 + 5*l**2 + 15*l + 19. Let u(q) be the first derivative of r(q). What is the tens digit of u(-4)?
6
Let g(a) = -a**3 + 5*a**2 - 9*a + 9. Let r be g(5). Let h be (9/(r/(-8)))/2. Let q(w) = 55*w**3 + 2*w**2 - 1. What is the units digit of q(h)?
6
Let w(n) = 200*n**3 + 2*n**2 - 2*n + 1. Let o be ((-6)/14)/((-19)/133). Suppose 0 = -27*q + 30*q - o. What is the hundreds digit of w(q)?
2
Let d = 40 - 37. Let c be (-77)/(-35) - (-2)/(-10). Suppose 103 = s - 0*a + c*a, 0 = -s + d*a + 123. What is the tens digit of s?
1
Let j be 3/(-15) + 39/(-5). Let n(s) = s**3 + 18*s**2 + 4*s + 19. What is the tens digit of n(j)?
2
Let q(i) = -432*i - 4070. What is the hundreds digit of q(-88)?
9
Let v = 150 - 66. Let q = v - 79. Suppose q*x - 49 = -3*m - 5, -x + 1 = 0. What is the tens digit of m?
1
Let r = -423 - -3215. What is the thousands digit of r?
2
Suppose -17682 = -i - 405*q + 401*q, 17685 = i + 3*q. What is the tens digit of i?
9
Suppose 3*c - 10*c = 152*c - 8037768. What is the hundreds digit of c?
5
Let s(a) = 4*a + 27. Let r(k) = k**2 - 11*k - 22. Let g be r(15). Suppose 37*o = g*o - 8. What is the tens digit of s(o)?
5
Let u(p) = 17*p**3 + 48*p**2 + 6*p + 163. What is the hundreds digit of u(11)?
6
Suppose -8*y + 4*y = -q - 40589, -5*q = y - 10121. What is the hundreds digit of y?
1
Let l be (18/(-10))/((-3)/45). Suppose 26*y = l*y + 62. Let u = y + 71. What is the units digit of u?
9
Suppose -7*m + 2 = -s - 11*m, 0 = -2*s - 4*m. Suppose -s*x - f = 4*f - 814, 4*f = x - 394. What is the units digit of x?
2
Let t = 48 - 65. Let o(z) = -32*z + 37. Let f(g) = -11*g + 12. Let i(s) = t*f(s) 